sands digit of 16*(0 + 8 - (-14644)/56)?
4
Suppose 19*k - 3*k = 136832. What is the thousands digit of k?
8
Suppose 3*y + 623 = -r, 0 = y - 5*r + r + 186. Let g = 25 - y. What is the hundreds digit of g?
2
Let h(v) = 789*v**2 + 9*v + 7. Suppose -3*y + 13 = -4*x, 7*x - 8*x = -2*y + 7. What is the hundreds digit of h(x)?
7
Let g = 2 + 28. Let n be (50/g)/(2/12). Let s(p) = 11*p + 2. What is the tens digit of s(n)?
1
Let w(c) = 13*c**3 - c**2 - 12*c + 10. Suppose 0 = 109*q - 113*q + 12. What is the units digit of w(q)?
6
Let y be (-27)/(-18) + (-7)/2 - 10. Let o be 78/y*(0 + -2)*1. Suppose -168 = -o*u + 92. What is the units digit of u?
0
Suppose 0 = 3*p - 5*p + 1172. Let v = p - 168. What is the tens digit of v?
1
Suppose 18 = -4*j + 22. What is the tens digit of 5 + j - 47377/(-59)?
0
Let m be 1*(16 + (0 - 0))*45. Suppose -3*l + m = -l - n, 5*l + 2*n = 1800. Suppose -2*x = 3*x - l. What is the units digit of x?
2
Let p be (-1 - 0) + (0 - -4). Suppose -11 = 2*w + 5*t - 105, -2*w + 94 = -3*t. Suppose -g = -o - w, -5*o - 4 = -p*g + 143. What is the tens digit of g?
4
Suppose 14447 = -2*r + 3*v + 66572, -5*v - 130290 = -5*r. What is the thousands digit of r?
6
Suppose 487*z = -4*c + 486*z + 110948, -3*c + 83209 = z. What is the ten thousands digit of c?
2
Suppose -143*d + 4998669 = -877201. What is the thousands digit of d?
1
Let s(f) = 14*f - 96. Let h = 155 + -148. What is the units digit of s(h)?
2
Suppose -38*x = -33*x - 9545. Let i = x + -1352. What is the tens digit of i?
5
Suppose -p = -d - 14733, 0*p + 14730 = p + 2*d. What is the thousands digit of p?
4
Let p be 1*(-3 - (2 + -6)). Suppose -3*b - 25 = 2*w + 46, 133 = -4*b + 5*w. What is the units digit of ((-8)/(-24) - 3)/(p/b)?
2
Let u(v) = -2*v**3 + 9*v**2 + 13*v - 31. Let i be u(5). Suppose -8663 = -i*f - 3398. What is the tens digit of f?
8
Let r(t) = 3*t**3 - 54*t**2 + 22*t + 147. What is the thousands digit of r(22)?
6
What is the tens digit of (384/30)/((-3)/(-1185))?
5
Suppose -9*n + 16*n = 63. What is the tens digit of (n*((-166)/(-6) + 6))/1?
0
Suppose -16*l + 7*l + 18 = 0. Suppose 10*o - 1053 = 5*o - 3*g, -l*g = 8. What is the tens digit of o?
1
Let t(m) = -670*m + 521. What is the hundreds digit of t(-56)?
0
Let r(o) = 7*o**2 - 27*o - 652. What is the hundreds digit of r(-30)?
4
Let k(f) = -90*f - 45. Let h(b) = 90*b + 44. Let w(c) = -3*h(c) - 4*k(c). Let u be w(-4). Let q = -134 - u. What is the units digit of q?
8
Let j(z) = 16*z - 12. Let o be ((-104)/(-16))/((-3)/(-6)). Let u be j(o). Suppose -u = 7*i - 553. What is the units digit of i?
1
Let n(c) = 2*c - 26. Let t be n(19). Suppose 3*o + 4*r - 2804 = 0, 0 = -5*r - t - 8. What is the units digit of o?
0
Let q(m) = m**2 + 3*m + 26. Let y be q(0). Let k = -19 + y. What is the tens digit of (-6 + k)/((-2 - -1)/(-85))?
8
Suppose -4*s + f - 851 = 0, 0 = -s + f - 195 - 17. Let i be (-1)/(3 + s/282*4). What is the hundreds digit of (-2 + i)/((147/70)/7)?
1
Let r(p) = 2*p**2 + 59. Let g be r(0). Let s(q) = 57*q + 14*q**3 - g*q - 2*q**3 - 2 + 3*q**2 + 9*q**3. What is the hundreds digit of s(2)?
1
Suppose -5*v - 2*o - 3084 = 0, 4*o - 1224 = 31*v - 29*v. Let q = v + 1380. What is the hundreds digit of q?
7
Let s(m) = -27*m**3 - 5*m**2 - 7*m + 11. Let g be s(-2). Suppose 0 = -3*y + 254 + 85. Let k = g - y. What is the units digit of k?
8
Let a(d) = -2*d + 52. Let s be a(-9). Suppose -76*r = -s*r - 2850. What is the hundreds digit of r?
4
Suppose 3*p - i = 5120, 6*p + 3*i - 8524 = p. Suppose -6*y - 584 = -p. Let s = y - 107. What is the tens digit of s?
8
Let q = 24381 - 15091. What is the units digit of q?
0
Let q = -437 - -464. Suppose -2*n = -q*n + 36800. What is the hundreds digit of n?
4
Suppose 9*f - 19*f + 7*f + 87039 = 0. What is the hundreds digit of f?
0
Suppose 0 = 80*k - 547739 - 231064 - 543597. What is the ten thousands digit of k?
1
Suppose 76*g = 70*g + 36. What is the units digit of ((-1174)/g)/((11/33)/(-1))?
7
Let o(b) = -1422*b + 448. What is the thousands digit of o(-5)?
7
Let y(i) = -2*i**2 + 12*i - 20. Let k be y(4). What is the hundreds digit of (k + 3)/((-3)/2751)?
9
Let s(c) = 2*c**2 - 35*c + 24. Suppose -57 + 111 = 3*w. Let i be s(w). Let y = i + -16. What is the tens digit of y?
2
Let g = -1554 - -2947. Let j = -957 + g. What is the units digit of j?
6
Let c(u) be the second derivative of 0 + 18*u - 5/6*u**3 - 12*u**2. What is the units digit of c(-23)?
1
Let n be -3*392/(-72)*3. Suppose 14 + 58 = -4*m + 4*r, 0 = 5*m + r + 66. What is the units digit of (-332)/(-14) - m/n?
4
Suppose 4*b = -2*q + 12736, 12*q - 8*q - 25457 = -5*b. What is the hundreds digit of q?
3
Suppose -5*s = 5*g + 5, 4*g = g + 4*s + 4. What is the tens digit of g - -1336 - (-6 + 1 + 9)?
3
Let r(i) = 23*i**2 - 8*i + 15. Let u be r(3). Suppose 0 = 2*x + u - 1126. What is the tens digit of x?
6
Let c(k) = 482*k + 3746. What is the tens digit of c(0)?
4
Suppose -287*v + 214347 = -875392. What is the units digit of v?
7
Let a(j) = 480*j**2 - 18*j - 70. What is the tens digit of a(-4)?
8
Let j(c) = 934*c + 17163. What is the thousands digit of j(0)?
7
Let m(h) = -358*h + 106. Let t be m(-3). Suppose -1178*p - 2478 = -t*p. What is the thousands digit of p?
1
Let d be (-6)/4*24/(-18) + 2. Let z be (-1*3)/(-5 + d + -2). What is the tens digit of (-351)/3*z/(-3)?
3
Let a be (1*-4)/(9 + -11) - 1610. Let f = 2578 + a. Suppose -89*q + 94*q = f. What is the units digit of q?
4
Suppose 9*t + 8*t - 2130123 = -36*t. What is the thousands digit of t?
0
Suppose 5*y - 320 = 5*n + 2*y, 5*y = -5*n - 280. Let z = -53 - n. Let w(s) = s**2 - 3*s + 7. What is the units digit of w(z)?
7
Let m(z) = 754*z**2 - 5*z - 6. Let l be m(-3). Suppose -2*s = -11*s + l. Suppose -s = -8*o + 117. What is the hundreds digit of o?
1
Let c(u) = u**2 - 11. Let n be c(4). Suppose 4*h - n*h = -765. What is the tens digit of h?
6
Let a(g) be the third derivative of 9*g**4/4 - 124*g**3/3 - 2*g**2 - 15. What is the hundreds digit of a(38)?
8
Suppose 33110 = 25*x - 20590. Let u = 3039 - x. What is the tens digit of u?
9
Suppose n = 4*g + 2, -2*n = -g + n - 6. Suppose 7*j - 271 - 590 = g. Let s = j - 98. What is the tens digit of s?
2
Suppose 3*x - 25488 = -78*o + 75*o, -4*o = -3*x + 25516. What is the hundreds digit of x?
5
Suppose -17*o + 23107 = -8224. What is the hundreds digit of o?
8
Suppose 69868 = 10*z + 25918. What is the tens digit of ((-4)/12)/((-5)/z)?
9
Let w = -1882 + 12815. Suppose -32*b + w = -19*b. What is the units digit of b?
1
Suppose 0 = -147*s + 28*s + 1768697. What is the ten thousands digit of s?
1
What is the tens digit of 9/4*(155669/51 + -15)?
3
Suppose 3*m = -5*l + 317 + 119, 2*l - 448 = -3*m. Let g = m - -954. What is the thousands digit of g?
1
Suppose 5*f + 3*g = -1, -3 = -0*g - g. Suppose -2 = -y + 2*c + c, y - 6 = 5*c. What is the tens digit of (4/y - 25)*f?
5
Let x(q) = -3*q + 17. Let h be x(7). Let r(g) = 536*g - 24. Let t be r(h). What is the tens digit of 4/26 + t/(-104)?
2
Let f = -219 - -222. Let y(w) = 592*w - 28. What is the hundreds digit of y(f)?
7
Let j = 120 + -175. Let b = j - -53. What is the tens digit of (3 + b)*32/2?
1
Let f = -114 + 116. Let c(x) = 136*x + 21. What is the hundreds digit of c(f)?
2
Let d(p) = 6*p**2 + 6*p - 18. Let l be d(-8). Suppose -3 + l = 21*h. What is the tens digit of h?
1
Let u = -55706 + 103281. What is the tens digit of u?
7
Let s(c) = 2779*c + 35. Let b be s(1). Suppose -3*z - 7073 = -5*y, 15*z = -2*y + 20*z + b. What is the hundreds digit of y?
4
Let u(s) be the third derivative of -s**6/120 - s**5/20 - s**4/24 + 19*s**3/3 - s**2 + 116. What is the tens digit of u(-10)?
4
Suppose 36*v - 198 = 90. Let z be 194/8 - 4/16. What is the hundreds digit of 1218/v + z/32?
1
Let b be ((-6)/15)/(5/(-25)). Suppose q - 252 = -b*f - 3*q, 3*f + 3*q = 384. What is the tens digit of f?
3
Suppose -1477 = -3*i + 4013. Suppose 0 = -8*w + 1490 + i. Suppose -5*l + w = -5*s, l + 2*s = -4*l + 401. What is the tens digit of l?
8
Let v(p) = 268*p**2 - 38*p + 21. What is the hundreds digit of v(11)?
0
Suppose 4*t = -4*k - 124, 3*k + 0*k - t = -73. Let w = 29 + k. Suppose -w*p = -0*p - 438. What is the tens digit of p?
4
Suppose 0 = -92*y + 44*y + 92*y - 1864412. What is the ten thousands digit of y?
4
Suppose 136*d = -54*d + 2460500. 